{"version":"1.0","provider_name":"Songazine","provider_url":"http:\/\/songazine.fr\/v2","author_name":"Charlotte Poul","author_url":"http:\/\/songazine.fr\/v2\/author\/charlotte-p\/","title":"On fait le bilan calmement - [Rock en Seine 2019 - Part 4] | Songazine","type":"rich","width":600,"height":338,"html":"<blockquote class=\"wp-embedded-content\"><a href=\"http:\/\/songazine.fr\/v2\/bilan-calmement-rock-seine-2019-part-4\/\">On fait le bilan calmement &#8211; [Rock en Seine 2019 &#8211; Part 4]<\/a><\/blockquote>\n<script type='text\/javascript'>\n<!--\/\/--><![CDATA[\/\/><!--\n\t\t\/*! This file is auto-generated *\/\n\t\t!function(d,l){\"use strict\";var e=!1,n=!1;if(l.querySelector)if(d.addEventListener)e=!0;if(d.wp=d.wp||{},!d.wp.receiveEmbedMessage)if(d.wp.receiveEmbedMessage=function(e){var t=e.data;if(t)if(t.secret||t.message||t.value)if(!\/[^a-zA-Z0-9]\/.test(t.secret)){for(var r,i,a,s=l.querySelectorAll('iframe[data-secret=\"'+t.secret+'\"]'),n=l.querySelectorAll('blockquote[data-secret=\"'+t.secret+'\"]'),o=new RegExp(\"^https?:$\",\"i\"),c=0;c<n.length;c++)n[c].style.display=\"none\";for(c=0;c<s.length;c++)if(r=s[c],e.source===r.contentWindow){if(r.removeAttribute(\"style\"),\"height\"===t.message){if(1e3<(a=parseInt(t.value,10)))a=1e3;else if(~~a<200)a=200;r.height=a}if(\"link\"===t.message)if(i=l.createElement(\"a\"),a=l.createElement(\"a\"),i.href=r.getAttribute(\"src\"),a.href=t.value,o.test(a.protocol))if(a.host===i.host)if(l.activeElement===r)d.top.location.href=t.value}}},e)d.addEventListener(\"message\",d.wp.receiveEmbedMessage,!1),l.addEventListener(\"DOMContentLoaded\",t,!1),d.addEventListener(\"load\",t,!1);function t(){if(!n){n=!0;for(var e,t,r=-1!==navigator.appVersion.indexOf(\"MSIE 10\"),i=!!navigator.userAgent.match(\/Trident.*rv:11\\.\/),a=l.querySelectorAll(\"iframe.wp-embedded-content\"),s=0;s<a.length;s++){if(!(e=a[s]).getAttribute(\"data-secret\"))t=Math.random().toString(36).substr(2,10),e.src+=\"#?secret=\"+t,e.setAttribute(\"data-secret\",t);if(r||i)(t=e.cloneNode(!0)).removeAttribute(\"security\"),e.parentNode.replaceChild(t,e)}}}}(window,document);\n\/\/--><!]]>\n<\/script><iframe sandbox=\"allow-scripts\" security=\"restricted\" src=\"http:\/\/songazine.fr\/v2\/bilan-calmement-rock-seine-2019-part-4\/embed\/\" width=\"600\" height=\"338\" title=\"\u00ab\u00a0On fait le bilan calmement &#8211; [Rock en Seine 2019 &#8211; Part 4]\u00a0\u00bb &#8212; Songazine\" frameborder=\"0\" marginwidth=\"0\" marginheight=\"0\" scrolling=\"no\" class=\"wp-embedded-content\"><\/iframe>","thumbnail_url":"http:\/\/songazine.fr\/v2\/wp-content\/uploads\/2019\/09\/C304FE56-2AD5-4177-B8D6-A080976E4BFF.jpeg","thumbnail_width":3872,"thumbnail_height":2902,"description":"En s\u2019rem\u00e9morant chaque instant (je m\u2019arr\u00eate l\u00e0, si je continue, je risque de me faire virer par mon r\u00e9dac chef) de Rock en Seine 2019 (ouf, j\u2019ai \u00e9crit le mot \u00ab\u00a0rock\u00a0\u00bb). Cette ann\u00e9e, il fallait noter que : Il y a une sc\u00e8ne en moins (la faute au rachat par AEG ?). Celle \u00e0 droite [&hellip;]"}

En s’remémorant chaque instant (je m’arrête là, si je continue, je risque de me faire virer par mon rédac chef) de Rock en Seine 2019 (ouf, j’ai écrit le mot « rock »). Cette année, il fallait noter que : Il y a une scène en moins (la faute au rachat par AEG ?). Celle à droite [&hellip;]
